 the remainder when q(c) is divided by 9.
7
Suppose 4*n + 20 = 4, 0 = 5*f + 4*n - 54. Let h(c) = 3*c**2 + c + 2. Calculate the remainder when h(-3) is divided by f.
12
Suppose -3*i - i = -52. Let d = i + -6. What is the remainder when 32 is divided by d?
4
Let k(g) = g**2. Let r be k(2). Suppose 4*y + r = -4*i, -5*y + 12 = -y - 4*i. Calculate the remainder when 2*((-15)/6)/(-5) is divided by y.
0
Let c be (-50)/(-18) + (-16)/(-72). What is the remainder when c/(0 + -1) + 7 is divided by 2?
0
Let u(a) = a**3 + 0*a - 8 - a - a**2 + 9. Let i be u(2). Suppose -f + i*f = 12. What is the remainder when 17 is divided by f?
5
Suppose 0*f = 5*f - 60. Suppose -5*r = -38 - 72. Calculate the remainder when r is divided by f.
10
Let t = 176 + -752. Calculate the remainder when 101 is divided by t/(-22) - 2/11.
23
Let k(o) = o**3 - 6*o**2 + 3*o - 6. Let f(a) = -a + 4. Let p be f(3). Suppose -4*m + p = -91. Calculate the remainder when m is divided by k(6).
11
Let w(f) be the third derivative of f**6/120 - f**5/12 + f**3/6 + 2*f**2. Let y be w(5). What is the remainder when y/(-2*2/(-76)) is divided by 11?
8
Let o be (-11 - -6)*4/(-10). Let y be (o - -4)*2/3. Let b = 6 + y. Calculate the remainder when 19 is divided by b.
9
Let h(q) = 9*q**2 + 2*q - 3. What is the remainder when h(2) is divided by 19?
18
Let u be ((-1)/3)/((-1)/6). Suppose 0 = m - u*m + 11. Suppose -2*t - t + 16 = -4*x, 4*t = -4*x + 12. Calculate the remainder when m is divided by t.
3
Suppose 2*l - 20 - 14 = 0. What is the remainder when 498/10 + (-2)/(-30)*3 is divided by l?
16
Suppose 2*o + 35 = 2*q - 3*o, -3*q - o + 27 = 0. What is the remainder when 33 is divided by q?
3
Let o(k) = k**3 - 7*k**2 + 5*k - 8. Let z(g) = -2*g - 5. Let q be z(-6). What is the remainder when o(q) is divided by 6?
3
Suppose 0 = 3*i - q + 14, 6*q - 2*q - 23 = i. Calculate the remainder when 31 is divided by 11 - -1 - (-3)/i.
9
Let c = -17 - -19. Calculate the remainder when c is divided by 2.
0
Suppose -4*x + 0*x + 28 = 4*r, 3*r = x + 25. Calculate the remainder when 27 is divided by r.
3
What is the remainder when (-8 - -8) + (-18)/(-1) is divided by 5?
3
Suppose -4*t - 4*g + 3*g + 67 = 0, 4*g + 55 = 3*t. What is the remainder when t is divided by 9?
8
Let f(x) = 14*x - 2. Let z be f(3). Suppose -3*t = 7 - z. What is the remainder when 20 is divided by t?
9
Suppose 5*r = -s + 38 - 3, 2*r - s = 7. What is the remainder when 40 is divided by r?
4
Let d = 35 + -10. What is the remainder when 122 is divided by d?
22
Suppose 0 = -2*a + 3*m + 251, 3*a = 4*a + 5*m - 145. Let z = a + -85. Calculate the remainder when z is divided by 12.
9
Let p(m) = -3*m - 4. Calculate the remainder when 76 is divided by p(-8).
16
Let i be (-1)/(-3) - (-3)/(-9). Let z be (-18)/(-12) + 1/(-2). What is the remainder when 23 is divided by (-4 - 8)*(i - z)?
11
Let x = 22 + -16. Calculate the remainder when 8 is divided by x.
2
Suppose 3*d - 69 = 21. Calculate the remainder when d is divided by 11.
8
Let c be 4/6 - 1/(-3). Suppose -95*q = -92*q - 81. Calculate the remainder when q is divided by 7*2*c + 0.
13
Let b = 15 - 8. Suppose 3*g - 2*w + b = 70, 0 = -2*g - 3*w + 29. Calculate the remainder when g is divided by 11.
8
Suppose 3*s = 2*x - 3*x + 10, -4*s + 4*x = -24. Suppose -2*p + 4*p + 12 = 5*g, 2*g = -4*p. Calculate the remainder when s is divided by g.
0
What is the remainder when 7 is divided by 184/30 - 28/210?
1
Let c = -6 + 15. Let x(q) = -q**3 - 5*q**2 - 3*q + 10. Calculate the remainder when x(-5) is divided by c.
7
Let s = -10 - -26. Let z = 20 - 10. Suppose 2*t = 4*d - 26, 3*t + z + 17 = 4*d. Calculate the remainder when s is divided by d.
4
Let y(g) = -g**2 - g - 3. Let b be y(0). What is the remainder when (-51)/(b/3) - 1 is divided by 26?
24
Suppose 4*s - 5*s = -49. Calculate the remainder when s is divided by 13.
10
Suppose 0 = 6*l - 3*l - 18. Suppose 2*r + 3*g = -0*r + 19, -3*r + 11 = g. Calculate the remainder when l is divided by r.
0
Suppose 8*k - 5*k = 36. Let y(l) = 2*l - 15. What is the remainder when 24 is divided by y(k)?
6
Suppose -2*n - 15 = -7*n. What is the remainder when (-2)/(-2 - 24/(-14)) is divided by n?
1
Suppose 3*p + 5 = c - 0*c, 15 = c + 2*p. What is the remainder when 31 is divided by c?
9
Suppose -3 = z, 2*t + 2*z - 21 = 5*z. What is the remainder when t is divided by 3?
0
What is the remainder when (8/32)/(1/28) is divided by 5?
2
Suppose -2 = 2*m - 5*z, m - 2*z + 7*z = 14. Suppose 5*a - 10 = -d, 4*a - m*d - 6 = 2. Suppose -5*v + 13 + a = 0. Calculate the remainder when 8 is divided by v.
2
Suppose r - 24 + 0 = 0. Suppose 2*o + 1 - 19 = 0. Calculate the remainder when r is divided by o.
6
Let m(d) = -4*d - 22. Calculate the remainder when 11 is divided by m(-7).
5
Suppose -2*f - 2*f + 112 = -4*o, -2*o = 4. Let g = 16 - -42. Let t = g - 8. Calculate the remainder when t is divided by f.
24
Suppose -z - 6 = -3*q, 3*z - 9 = -2*q + 6. Let v = 28 - q. What is the remainder when v is divided by 13?
12
Let o(l) = -l**3 + l**2 + 4. Let f be o(0). Suppose 0*b - 124 = -f*b. Let g(p) = p**3 + 8*p**2 - 13*p - 20. Calculate the remainder when b is divided by g(-9).
15
Suppose -36*p + 32*p = -232. Calculate the remainder when p is divided by 30.
28
Let u(z) = -14*z**3 - 2*z**2 - 3*z - 2. What is the remainder when 18 is divided by u(-1)?
5
Let f(w) = 5*w**3 - w**2 - w - 2. Let p = -262 - -269. Calculate the remainder when f(2) is divided by p.
4
Let x(c) = -1 - 10*c**3 + 3*c - 3*c. Let a be x(-1). Let b = a - 6. Calculate the remainder when 4 is divided by b.
1
Let j(a) = 8*a. Calculate the remainder when j(6) is divided by 17.
14
Suppose 0 = -t + 8 + 56. Let i = 18 + -13. Suppose -i*k + 2*c + t = 19, 14 = -k + 5*c. Calculate the remainder when 20 is divided by k.
9
Suppose 0*x + 2*x = 102. Let z(a) = a**2 - 3. Calculate the remainder when x is divided by z(4).
12
Let b(u) = -u + 11. What is the remainder when 11 is divided by b(8)?
2
Let v(n) = 50*n**2 + n + 2. Calculate the remainder when v(-1) is divided by 18.
15
Let o = 67 - 42. What is the remainder when 47 is divided by o?
22
Suppose 3*n + 4*f = 21, -35 = -4*n - n + 3*f. Let b = 1 + n. Calculate the remainder when 39 is divided by b.
7
Calculate the remainder when 97 is divided by -3 + ((-46)/10)/(3/(-15)).
17
Suppose 5*y - 36 = 44. What is the remainder when 45 is divided by y?
13
Let a(j) = 5*j**2 + 7*j + 2. Let x(d) = -3*d**2 - 3*d - 1. Let r(u) = -4*a(u) - 7*x(u). What is the remainder when r(12) is divided by 20?
19
Let p = -43 - -65. Calculate the remainder when p is divided by 6.
4
Let v(n) = 2*n + 19. What is the remainder when 17 is divided by v(-5)?
8
Suppose -n + 3*y = -19 - 14, 3*n + y = 49. Calculate the remainder when 53 is divided by n.
17
Let f = 31 + -25. Calculate the remainder when 23 is divided by f.
5
Suppose -x - 6 = -26. What is the remainder when 75 is divided by x?
15
Let x = -1796 + 2901. What is the remainder when (-1)/5 - x/(-25) is divided by 9?
8
Let a = 3 + 0. Let y be 5/1 + 2 - 2. Suppose y*d = 11 - 1. Calculate the remainder when a is divided by d.
1
Let s(p) = p**3 - 10*p**2 + 14*p - 8. Suppose 19 = h + 2*k, 0 = h - 2*k - 7. Calculate the remainder when s(9) is divided by h.
11
Suppose 4*a - 24 = -2*q, 4*a + 18 = 2*q - q. Let m(k) = k**3 - 3*k**2 + 2*k - 1. Calculate the remainder when q is divided by m(3).
4
Suppose g + 0*g + 1 = 0. Let t = 12 - g. Calculate the remainder when 37 is divided by t.
11
Suppose 2*y + 0*y = -3*l + 8, 0 = -3*l - 6. Suppose -6 = -j + y. Calculate the remainder when j is divided by (-1)/(-3) - (-28)/6.
3
Let k(x) = -x**3 - 8*x**2 + 3. Let b be k(-7). Let n = 79 + b. Calculate the remainder when n is divided by 17.
16
Calculate the remainder when (-4 + 182)*(-1)/(-2) is divided by 23.
20
Let j = -75 + 83. What is the remainder when 45*1 - (1 - 2) is divided by j?
6
Let j = -28 + 51. Let b = -14 - -16. Suppose -6*i + b*i + 48 = 0. What is the remainder when j is divided by i?
11
Suppose 0 = -17*m + 26*m - 837. Calculate the remainder when m is divided by 16.
13
Let i be (-2)/3 + 196/6. Suppose 3*h - 38 = 2*p, 4*h = -p - 4*p + 43. Let f = h + i. Calculate the remainder when f is divided by 15.
14
Calculate the remainder when 83 is divided by (34 - 0)*(-2)/(-4).
15
What is the remainder when 2